et j(c) be the second derivative of -c**5/20 - 11*c**4/6 + 25*c**3/6 + 16*c**2 + 523*c - 1. Calculate j(-23).
-14
Let r(y) = -y**2 + 0 + 1 + 0*y**2 + y. Suppose 623*b - 631*b - 4 = 44. What is r(b)?
-41
Let d(o) = -5*o**2 - 17*o - 2*o**2 + 4*o**2 + 21*o + o**3 + 4*o**2 + 3. Give d(-3).
-27
Let y = -25164 - -25137. Let w(a) = a**2 - 4*a - 840. Determine w(y).
-3
Let f(l) = -2*l**3 - 19*l**2 + 5206641 + l**3 - 5206650 - 20*l. Give f(-18).
27
Suppose 62*f + 5*d = 58*f + 11, 3*f + 5*d - 12 = 0. Let t(r) be the third derivative of 0 - 1/6*r**5 + 2*r**2 - 1/6*r**3 + 0*r - 1/24*r**4. Determine t(f).
-10
Let k(f) = f - 8. Let g = 10 + -9. Let j be (-1 - (3 - 3))*g*-52. Let n = -44 + j. Give k(n).
0
Suppose 209*f + 5*r + 27 = 210*f, 3*r + 68 = 2*f. Let l(a) = -a**3 + 34*a**2 + 113*a - 71. Give l(f).
3
Let w(l) = 4*l + 9. Suppose 0 = -48*r + 57*r - 63. Let t be (-4 - 176/(-56))/(1/r). Give w(t).
-15
Let c be 25/9 - 11/((-594)/12). Let o(q) = -7*q - 12 + c + 0 + 10. Determine o(-1).
8
Let o(w) = 2*w - 2*w**2 + 8 + 2*w**2 - w**2. Suppose 52*z - 49*z = -12, -43*i - 3*z + 246 = 0. Determine o(i).
-16
Let p(f) be the third derivative of -f**8/20160 - f**7/420 - 7*f**6/360 + 7*f**5/6 - 6*f**2 + 2. Let i(c) be the third derivative of p(c). Determine i(-10).
6
Let a(c) = c**2 + c + 4. Let d(l) = 7*l - 2*l**2 - 32 + 3*l**2 + 12*l - 16*l. Let m be d(-7). Determine a(m).
16
Let l(n) = -n**3 + 23*n**2 + 24*n - 11. Suppose -449*w + 792 = -416*w. What is l(w)?
-11
Suppose -14 + 10 = 4*z. Let s(r) = -1. Let d(a) = -a + 11. Let i(x) = z*d(x) - 2*s(x). Calculate i(11).
2
Let t(r) = r**2 - 424 - 455 - 6*r - 424 + 1315. Give t(6).
12
Let f(d) be the second derivative of -d**5/20 - 5*d**4/4 + 187*d**3/6 + 36*d**2 - 275*d. Determine f(-23).
3
Let j(v) = v**3 + 17*v**2 + 18*v + 26. Let w(t) = -t**3 + 36*t**2 - t + 20. Let h be w(36). Calculate j(h).
-6
Let u(s) = -s**2 - s - 2. Let m be 2/(-2)*(3/1 - 11). Suppose 2*v - 3*j - 6 = -0*v, 0 = 3*v + 4*j + m. Determine u(v).
-2
Suppose -f - 6*r = 44, -2*r + 3*r + 30 = -3*f. Let o(y) = y**2 + 2*y - 35. Calculate o(f).
13
Let i be 5 - ((-3)/(-12) + 11/4). Let m(l) = 78*l - 140*l + 77*l + l**i + 17. Determine m(-12).
-19
Let z(r) = 6*r - 15*r - 31 + 33 + 13 + 8*r. Calculate z(5).
10
Let u(d) be the second derivative of d**4/4 - d**3/6 + d**2 + 118*d + 9. Determine u(5).
72
Let o = -448 + 449. Let z(q) = q + 19*q - 6*q + 10*q - 8*q + o. Determine z(1).
17
Let a be (7/(-56)*-4)/((-6)/504). Let o be (28/a)/((-2)/36). Let d(y) = -y**2 + 11*y + 9. Calculate d(o).
-3
Suppose 0 = 4*u - 5*w + 26, 0*w + 53 = -5*u - 4*w. Let l(p) be the second derivative of -p**4/12 - 4*p**3/3 + 6*p**2 - 263*p. What is l(u)?
3
Suppose -4*o + u - 147 = 0, -21*o - 631 = -4*o - 3*u. Let z(f) = -2*f**2 - 74*f + 78. Give z(o).
2
Let z(g) = 13*g**3 + 15*g**2 - 196*g + 29. Let f(j) = -4*j**3 - 5*j**2 + 59*j - 9. Let o(i) = 10*f(i) + 3*z(i). Give o(-6).
21
Let f(z) be the third derivative of -z**4/24 - z**3 - 21*z**2 + 7. Give f(8).
-14
Suppose -6*u + 0 - 18 = 0. Suppose 5*h - 57 = -32. Let m(d) = -h + d - 7 + 16 + 8*d. Give m(u).
-23
Suppose 55*c + 7 = -168 + 1825. Let n(v) = -8*v + 240. What is n(c)?
0
Let p(n) be the second derivative of -n**6/90 + n**5/120 - 101*n**4/12 + 115*n. Let u(o) be the third derivative of p(o). Determine u(-1).
9
Let f(q) = 5*q + 2. Suppose 0 = -3*j - w + 23, -3*w + 2*w = -5*j + 25. Suppose -3*z - 10 = l - j*z, -2*z = -l - 10. Let p be (l/5 - 1)*(0 - -1). Calculate f(p).
-13
Suppose 2*j - 104*w = -100*w + 24, -2*w = 10. Let i(t) = 4*t - 2. Give i(j).
6
Let c(l) be the third derivative of l**4/24 - 23*l**3/2 - 200*l**2 + 16*l + 2. What is c(74)?
5
Suppose 0 = -4*f + 3*q - 65, 2*f + 5*q + 18 = 5. Let y = -8 - f. Let v(j) be the second derivative of j**3/6 + 2*j**2 + 36*j + 797. What is v(y)?
10
Let o = -33 + 31. Let y be (30/o)/3 + 4. Let i be ((-2 + 3)/(1/3))/y. Let n(f) = f**2 + 2*f - 3. Determine n(i).
0
Let b = 615329 - 615334. Let j(h) be the first derivative of -h**4/4 - 4*h**3/3 + h**2 + 3*h + 1. Determine j(b).
18
Suppose 0 = -2*a + 4 - 0. Let j be (1/a)/(7/70). Suppose -9*h + 8*h - j = 0. Let r(q) = -q**3 - 4*q**2 + q - 5. Determine r(h).
15
Let g(l) be the third derivative of 0 - 1/20*l**5 + 0*l**3 + 0*l + 1/120*l**6 - 5*l**2 + 1/8*l**4. Calculate g(2).
2
Suppose h - 4 = -4*t + 8, 4*t - 3*h - 12 = 0. Let c(g) = -416 + 414 + 2*g + t*g. Give c(-4).
-22
Let i(u) = -5*u - 66*u**2 + 4*u + 34*u**2 - u**3 + 38*u**2 + 1. Let f(z) = -z**3 - 5*z**2 - 3*z - 9. Let o be f(-5). Determine i(o).
-5
Let l(g) be the second derivative of g**5/4 - 107*g**4/12 + 20*g**3/3 + 19*g**2 + 311*g - 6. Give l(21).
-4
Suppose -7*j + j = 3*w - 63, 0 = -5*j. Let h(q) = 3*q - 59. What is h(w)?
4
Let m = -63 + 64. Let w be (m - 1)/1 + 7 + -1. Let z(b) = 7*b - 5*b**2 - 8 + b**3 + 4 - 11*b. Determine z(w).
8
Let x(r) = r**3 - 3*r**2 - 5*r + 3. Let j(m) = -40*m - 27. Let i be j(15). Let d = i + 631. Determine x(d).
-1
Let c(f) = -4*f - 1. Let q = -6 - 12. Let r = -40 - q. Let k = -21 - r. Calculate c(k).
-5
Let b = 141 - 129. Let k(z) = -3*z + b*z - 2*z - 5 - 2*z**2 + 0*z. Give k(4).
-9
Let b(u) = 1 + 12*u + 85*u**2 + u**3 - 86*u**2 - 13*u + 12. What is b(3)?
28
Let q = 234 + -261. Let j be (-5)/(15/q) + -6. Let w(u) = 7*u - 3. What is w(j)?
18
Let a(y) = y + 1. Let t be 4 + (3 + 37)/(-5) + 3. Let u be (4/(-14))/(t/(-21)*3). Determine a(u).
-1
Let b(m) = -m + 1. Let k(o) = 3*o + 4. Let t(p) = -5*b(p) - k(p). Suppose -3*j + 12 = -q, 30 = 2*q + 9*j - 6*j. What is t(q)?
3
Let d(b) = -29*b + 118. Suppose 21*v - 71 = 13. Let x be d(v). Let z(o) = -4 + 6*o + 9*o + 3. Calculate z(x).
29
Let f = 44 + -41. Suppose -f = 3*w, 3*n - 3*w + 4*w - 5 = 0. Let h(g) = 3 + 46*g + 49*g + 2*g**3 - 96*g - n. Determine h(-2).
-13
Suppose -22 = 11*d - 55. Let m(h) = 10 + 0*h + 0*h + 10*h**2 - d*h**3 - 6*h + 4*h + 2*h**3. Give m(10).
-10
Suppose 5*x - x - 32 = 0. Let d(f) = 28*f + 2*f**2 + f**2 - 11*f - 8*f - 4*f**2. Calculate d(x).
8
Let m(c) = c - 36. Suppose -16*d - 115 = 61. What is m(d)?
-47
Let u(n) be the third derivative of -n**6/120 + n**5/15 - 1794*n**2. Calculate u(5).
-25
Let i(g) = -2*g - 18. Suppose 0*z = 4*z - 5*o - 128, 2*o = -4*z + 156. Let y(s) = 6*s - z - 9*s + 1. Let u(b) = 5*i(b) - 3*y(b). Calculate u(8).
10
Suppose -n + 3*z + 2 = 0, 4*n - 4*z + 9 = 5*n. Let c(s) be the second derivative of 0 - 1/20*s**n - 2*s - 1/2*s**2 + 1/3*s**3 - 1/12*s**4. Give c(-2).
-1
Let b(p) = -3*p**3 - 5*p**2 - p + 10. Let h(a) = 7*a**3 + 12*a**2 + a - 20. Let r(o) = 5*b(o) + 2*h(o). Give r(0).
10
Let v be (-6)/((-1 + -2 - -9)/14). Let l(a) = a**3 + 14*a**2 - a - 8. Determine l(v).
6
Let t be 4/(48/789) + 6/(-8). Suppose -w - 4*v = -v - 73, -w - v + t = 0. Let f = w - 67. Let b(u) = u**2 + 11*u + 9. What is b(f)?
-21
Suppose -5*v - 4*r = -13, 3 - 6 = v - 2*r. Let g be ((-8)/20)/(v/(-5)). Let d(q) = -3*q**3 - 155*q + 155*q + q**g. Calculate d(1).
-2
Let m(t) = -2*t - 8. Let s be m(-6). Suppose -3*f + s*f = 0. Let k(d) = 0 - 2*d - 9 - 1 - d**3 - d**2 + 3*d + 16. Determine k(f).
6
Let x(i) = 3*i + 79. Let u be x(-25). Suppose 13 = 3*p - l, u*p - 3 = 3*l + 6. Let c(d) = -1 + p + d**3 + d**2 - 2 + 0*d**3. What is c(0)?
3
Let m(c) = c**2 - 8672*c + 17245*c - 8583*c + 24. Suppose 0*j + 2*j - r = 15, -5*j + 4*r = -39. Calculate m(j).
3
Suppose 2*k = -2*k + 192. Let p(x) = 2*x**2 + 5*x + 1. Let s be p(-5). Let d(h) = -k + 24 + s - h. What is d(2)?
0
Let u(d) = -2*d**2 + 23*d - 7. Suppose -10 = 2*p - 4*b - 20, -2*b = 5*p - 61. Calculate u(p).
4
Suppose -3*c = -7*c - 8, -3*b = 3*c + 222. Let q be (4/(-12))/(2/b). Let z(n) = n**2 + 9*n - 10 + q + 7. Determine z(-7).
-5
Let z(g) be the first derivative of -g**5/20 - g**4/12 + 7*g**3/6 + 3*g**2 - 50*g + 26. Let l(c) be the first derivative of z(c). Determine l(-4).
26
Let a(w) = -11*w**3 + w**2 - w + 1. Let d(h) = -69*h + 415. Let p = -763 - -769. Let t be d(p). Determine a(t).
-10
Let b(f) be the third derivative of -f**6/12 + f**5/15 + f**3/2 - 88*f**2. Let y(u) = u**3 - 2*u**2 - 1. Let j(o) = b(o) + 2*y(o). Let k = 4 - 3. Give j(k).
-7
Let l(d) = -d**2 + 5*d - 2. Let o(s) = 5*s + 33. Let w be o(-11). Let b = 19 + w. Let z be -1 - -2 - (7 + -1)/b. What is l(z)?
4
Let f = 3 - -2. Suppose f*l = 5 + 75. Let u be 3/12 + (-52)/l. Let j(y) = y**3 + y**2 -